{"id":254,"date":"2023-03-17T20:49:16","date_gmt":"2023-03-17T19:49:16","guid":{"rendered":"https:\/\/cmoyano.com\/?page_id=254"},"modified":"2026-01-23T13:37:31","modified_gmt":"2026-01-23T12:37:31","slug":"books-cristian-moyano","status":"publish","type":"page","link":"https:\/\/cmoyano.com\/index.php\/books-cristian-moyano\/","title":{"rendered":"Books"},"content":{"rendered":"\n<p>Here you can find out about the books I have published. Through all of them I attempt to respond to the empirical question of how we humans coexist with non-human nature and the philosophical question of how we may coexist in a kinder and more responsible way. With them, I aspire to raise awareness of our multispecies interconnectedness.<br>For now, most of my writings follow an essay style, combining academic research, narrative voice and a dissemination tone.&nbsp;<\/p>\n\n\n\n<div class=\"wp-block-columns is-layout-flex wp-container-core-columns-is-layout-28f84493 wp-block-columns-is-layout-flex\">\n<div class=\"wp-block-column is-layout-flow wp-block-column-is-layout-flow\">\n<figure class=\"wp-block-image size-full\"><a href=\"https:\/\/cmoyano.com\/index.php\/rewilding-ecological-justice-cristian-moyano\/\"><img loading=\"lazy\" decoding=\"async\" width=\"1237\" height=\"1750\" src=\"https:\/\/cmoyano.com\/wp-content\/uploads\/2025\/07\/1.jpg\" alt=\"Rewilding and Ecological Justice. The Ethics and Politics of Wildlife Regeneration. Cristian Moyano-Fernandez. Routledge\" class=\"wp-image-350\" srcset=\"https:\/\/cmoyano.com\/wp-content\/uploads\/2025\/07\/1.jpg 1237w, https:\/\/cmoyano.com\/wp-content\/uploads\/2025\/07\/1-212x300.jpg 212w, https:\/\/cmoyano.com\/wp-content\/uploads\/2025\/07\/1-724x1024.jpg 724w, https:\/\/cmoyano.com\/wp-content\/uploads\/2025\/07\/1-768x1086.jpg 768w, https:\/\/cmoyano.com\/wp-content\/uploads\/2025\/07\/1-1086x1536.jpg 1086w\" sizes=\"auto, (max-width: 1237px) 100vw, 1237px\" \/><\/a><figcaption class=\"wp-element-caption\"><sub><a href=\"https:\/\/cmoyano.com\/index.php\/rewilding-ecological-justice-cristian-moyano\/\">Rewilding and Ecological Justice<\/a><\/sub><\/figcaption><\/figure>\n<\/div>\n\n\n\n<div class=\"wp-block-column is-layout-flow wp-block-column-is-layout-flow\">\n<figure class=\"wp-block-image size-full\"><a href=\"https:\/\/cmoyano.com\/index.php\/asilvestrarse-cristian-moyano\/\"><img loading=\"lazy\" decoding=\"async\" width=\"1237\" height=\"1750\" src=\"https:\/\/cmoyano.com\/wp-content\/uploads\/2025\/07\/2.jpg\" alt=\"Asilvestrarse. Volver a lo salvaje. Cristian Moyano. Zahor\u00ed Books y Editorial CSIC\" class=\"wp-image-351\" srcset=\"https:\/\/cmoyano.com\/wp-content\/uploads\/2025\/07\/2.jpg 1237w, https:\/\/cmoyano.com\/wp-content\/uploads\/2025\/07\/2-212x300.jpg 212w, https:\/\/cmoyano.com\/wp-content\/uploads\/2025\/07\/2-724x1024.jpg 724w, https:\/\/cmoyano.com\/wp-content\/uploads\/2025\/07\/2-768x1086.jpg 768w, https:\/\/cmoyano.com\/wp-content\/uploads\/2025\/07\/2-1086x1536.jpg 1086w\" sizes=\"auto, (max-width: 1237px) 100vw, 1237px\" \/><\/a><figcaption class=\"wp-element-caption\"><sub><a href=\"https:\/\/cmoyano.com\/index.php\/asilvestrarse-cristian-moyano\/\">Asilvestrarse<\/a><\/sub><\/figcaption><\/figure>\n<\/div>\n\n\n\n<div class=\"wp-block-column is-layout-flow wp-block-column-is-layout-flow\">\n<figure class=\"wp-block-image size-full\"><a href=\"https:\/\/cmoyano.com\/index.php\/puentes-salvajes-cristian-moyano\/\"><img loading=\"lazy\" decoding=\"async\" width=\"1237\" height=\"1750\" src=\"https:\/\/cmoyano.com\/wp-content\/uploads\/2025\/07\/3.jpg\" alt=\"Puentes Salvajes. Una filosof\u00eda integradora para renaturalizar el Antropoceno. Cristian Moyano. Plaza y Vald\u00e9s, Dilemata\" class=\"wp-image-352\" srcset=\"https:\/\/cmoyano.com\/wp-content\/uploads\/2025\/07\/3.jpg 1237w, https:\/\/cmoyano.com\/wp-content\/uploads\/2025\/07\/3-212x300.jpg 212w, https:\/\/cmoyano.com\/wp-content\/uploads\/2025\/07\/3-724x1024.jpg 724w, https:\/\/cmoyano.com\/wp-content\/uploads\/2025\/07\/3-768x1086.jpg 768w, https:\/\/cmoyano.com\/wp-content\/uploads\/2025\/07\/3-1086x1536.jpg 1086w\" sizes=\"auto, (max-width: 1237px) 100vw, 1237px\" \/><\/a><figcaption class=\"wp-element-caption\"><sub><a href=\"https:\/\/cmoyano.com\/index.php\/puentes-salvajes-cristian-moyano\/\">Puentes salvajes<\/a><\/sub><\/figcaption><\/figure>\n<\/div>\n\n\n\n<div class=\"wp-block-column is-layout-flow wp-block-column-is-layout-flow\">\n<figure class=\"wp-block-image size-full\"><a href=\"https:\/\/cmoyano.com\/index.php\/limites-ambientales-justicia-ecosocial-cristian-moyano\/\"><img loading=\"lazy\" decoding=\"async\" width=\"1237\" height=\"1750\" src=\"https:\/\/cmoyano.com\/wp-content\/uploads\/2025\/07\/4.jpg\" alt=\"L\u00edimtes ambientales y justicia ecosocial. Un di\u00e1logo filos\u00f3fico con la igualdad de capacidades. Cristian Moyano. CSIC, Plaza y Vald\u00e9s\" class=\"wp-image-353\" srcset=\"https:\/\/cmoyano.com\/wp-content\/uploads\/2025\/07\/4.jpg 1237w, https:\/\/cmoyano.com\/wp-content\/uploads\/2025\/07\/4-212x300.jpg 212w, https:\/\/cmoyano.com\/wp-content\/uploads\/2025\/07\/4-724x1024.jpg 724w, https:\/\/cmoyano.com\/wp-content\/uploads\/2025\/07\/4-768x1086.jpg 768w, https:\/\/cmoyano.com\/wp-content\/uploads\/2025\/07\/4-1086x1536.jpg 1086w\" sizes=\"auto, (max-width: 1237px) 100vw, 1237px\" \/><\/a><figcaption class=\"wp-element-caption\"><sub><a href=\"https:\/\/cmoyano.com\/index.php\/limites-ambientales-justicia-ecosocial-cristian-moyano\/\">L\u00edmites ambientales y justicia ecosocial<\/a><\/sub><\/figcaption><\/figure>\n<\/div>\n\n\n\n<div class=\"wp-block-column is-layout-flow wp-block-column-is-layout-flow\">\n<figure class=\"wp-block-image size-full\"><a href=\"https:\/\/cmoyano.com\/index.php\/etica-del-rewilding-cristian-moyano\/\"><img loading=\"lazy\" decoding=\"async\" width=\"1237\" height=\"1750\" src=\"https:\/\/cmoyano.com\/wp-content\/uploads\/2025\/07\/5.jpg\" alt=\"\u00c9tica del Rewilding. Cristian Moyano. Plaza y Vald\u00e9s \" class=\"wp-image-354\" srcset=\"https:\/\/cmoyano.com\/wp-content\/uploads\/2025\/07\/5.jpg 1237w, https:\/\/cmoyano.com\/wp-content\/uploads\/2025\/07\/5-212x300.jpg 212w, https:\/\/cmoyano.com\/wp-content\/uploads\/2025\/07\/5-724x1024.jpg 724w, https:\/\/cmoyano.com\/wp-content\/uploads\/2025\/07\/5-768x1086.jpg 768w, https:\/\/cmoyano.com\/wp-content\/uploads\/2025\/07\/5-1086x1536.jpg 1086w\" sizes=\"auto, (max-width: 1237px) 100vw, 1237px\" \/><\/a><figcaption class=\"wp-element-caption\"><sub><a href=\"https:\/\/cmoyano.com\/index.php\/etica-del-rewilding-cristian-moyano\/\">\u00c9tica del Rewilding<\/a><\/sub><\/figcaption><\/figure>\n<\/div>\n<\/div>\n\n\n\n<p><strong>Want to know more about my books? <\/strong><br>Click on their covers and discover more (including a summary, reviews, interviews and past events).<\/p>\n\n\n\n<p><strong>Would you like to host a book presentation, talk or event in your locality or institution?<\/strong> <br>Contact me <a href=\"https:\/\/cmoyano.com\/index.php\/contact\/\"><strong>here<\/strong><\/a>.<\/p>\n\n\n\n<hr class=\"wp-block-separator has-css-opacity\"\/>\n\n\n\n<p><a href=\"https:\/\/cmoyano.com\/index.php\/research-lines\">Find out more about my research <strong>here<\/strong><\/a>.<\/p>\n\n\n\n<p><a href=\"https:\/\/cmoyano.com\/index.php\/contact\/\">Contact me <strong>here<\/strong><\/a>.<\/p>\n","protected":false},"excerpt":{"rendered":"<p>Here you can find out about the books I have published. Through all of them I attempt to respond to the empirical question of how we humans coexist with non-human nature and the philosophical question of how we may coexist in a kinder and more responsible way. With them, I aspire to raise awareness of [&hellip;]<\/p>\n","protected":false},"author":1,"featured_media":0,"parent":0,"menu_order":0,"comment_status":"closed","ping_status":"closed","template":"","meta":{"zakra_page_container_layout":"contained","zakra_page_sidebar_layout":"no_sidebar","zakra_remove_content_margin":false,"zakra_sidebar":"customizer","zakra_transparent_header":"customizer","zakra_logo":0,"zakra_main_header_style":"default","zakra_menu_item_color":"","zakra_menu_item_hover_color":"#e2debe","zakra_menu_item_active_color":"","zakra_menu_active_style":"","zakra_page_header":true,"footnotes":""},"class_list":["post-254","page","type-page","status-publish","hentry"],"yoast_head":"<!-- This site is optimized with the Yoast SEO plugin v27.3 - https:\/\/yoast.com\/product\/yoast-seo-wordpress\/ -->\n<title>Books - \u00c9tica del Rewilding - Cristian Moyano Fern\u00e1ndez<\/title>\n<meta name=\"description\" content=\"Books by Cristian Moyano Fern\u00e1ndez: \u00c9tica del Rewilding. The notion of rewilding has gained popularity in recent years. Recovering wild na...\" \/>\n<meta name=\"robots\" content=\"index, follow, max-snippet:-1, max-image-preview:large, max-video-preview:-1\" \/>\n<link rel=\"canonical\" href=\"https:\/\/cmoyano.com\/index.php\/books-cristian-moyano\/\" \/>\n<meta property=\"og:locale\" content=\"es_ES\" \/>\n<meta property=\"og:type\" content=\"article\" \/>\n<meta property=\"og:title\" content=\"Books - \u00c9tica del Rewilding - Cristian Moyano Fern\u00e1ndez\" \/>\n<meta property=\"og:description\" content=\"Books by Cristian Moyano Fern\u00e1ndez: \u00c9tica del Rewilding. The notion of rewilding has gained popularity in recent years. Recovering wild na...\" \/>\n<meta property=\"og:url\" content=\"https:\/\/cmoyano.com\/index.php\/books-cristian-moyano\/\" \/>\n<meta property=\"og:site_name\" content=\"Cristian Moyano Fernandez\" \/>\n<meta property=\"article:modified_time\" content=\"2026-01-23T12:37:31+00:00\" \/>\n<meta property=\"og:image\" content=\"https:\/\/cmoyano.com\/wp-content\/uploads\/2025\/07\/1.jpg\" \/>\n\t<meta property=\"og:image:width\" content=\"1237\" \/>\n\t<meta property=\"og:image:height\" content=\"1750\" \/>\n\t<meta property=\"og:image:type\" content=\"image\/jpeg\" \/>\n<meta name=\"twitter:card\" content=\"summary_large_image\" \/>\n<meta name=\"twitter:label1\" content=\"Tiempo de lectura\" \/>\n\t<meta name=\"twitter:data1\" content=\"2 minutos\" \/>\n<script type=\"application\/ld+json\" class=\"yoast-schema-graph\">{\"@context\":\"https:\\\/\\\/schema.org\",\"@graph\":[{\"@type\":\"WebPage\",\"@id\":\"https:\\\/\\\/cmoyano.com\\\/index.php\\\/books-cristian-moyano\\\/\",\"url\":\"https:\\\/\\\/cmoyano.com\\\/index.php\\\/books-cristian-moyano\\\/\",\"name\":\"Books - \u00c9tica del Rewilding - Cristian Moyano Fern\u00e1ndez\",\"isPartOf\":{\"@id\":\"https:\\\/\\\/cmoyano.com\\\/#website\"},\"primaryImageOfPage\":{\"@id\":\"https:\\\/\\\/cmoyano.com\\\/index.php\\\/books-cristian-moyano\\\/#primaryimage\"},\"image\":{\"@id\":\"https:\\\/\\\/cmoyano.com\\\/index.php\\\/books-cristian-moyano\\\/#primaryimage\"},\"thumbnailUrl\":\"https:\\\/\\\/cmoyano.com\\\/wp-content\\\/uploads\\\/2025\\\/07\\\/1.jpg\",\"datePublished\":\"2023-03-17T19:49:16+00:00\",\"dateModified\":\"2026-01-23T12:37:31+00:00\",\"description\":\"Books by Cristian Moyano Fern\u00e1ndez: \u00c9tica del Rewilding. The notion of rewilding has gained popularity in recent years. Recovering wild na...\",\"breadcrumb\":{\"@id\":\"https:\\\/\\\/cmoyano.com\\\/index.php\\\/books-cristian-moyano\\\/#breadcrumb\"},\"inLanguage\":\"es\",\"potentialAction\":[{\"@type\":\"ReadAction\",\"target\":[\"https:\\\/\\\/cmoyano.com\\\/index.php\\\/books-cristian-moyano\\\/\"]}]},{\"@type\":\"ImageObject\",\"inLanguage\":\"es\",\"@id\":\"https:\\\/\\\/cmoyano.com\\\/index.php\\\/books-cristian-moyano\\\/#primaryimage\",\"url\":\"https:\\\/\\\/cmoyano.com\\\/wp-content\\\/uploads\\\/2025\\\/07\\\/1.jpg\",\"contentUrl\":\"https:\\\/\\\/cmoyano.com\\\/wp-content\\\/uploads\\\/2025\\\/07\\\/1.jpg\",\"width\":1237,\"height\":1750},{\"@type\":\"BreadcrumbList\",\"@id\":\"https:\\\/\\\/cmoyano.com\\\/index.php\\\/books-cristian-moyano\\\/#breadcrumb\",\"itemListElement\":[{\"@type\":\"ListItem\",\"position\":1,\"name\":\"Portada\",\"item\":\"https:\\\/\\\/cmoyano.com\\\/\"},{\"@type\":\"ListItem\",\"position\":2,\"name\":\"Books\"}]},{\"@type\":\"WebSite\",\"@id\":\"https:\\\/\\\/cmoyano.com\\\/#website\",\"url\":\"https:\\\/\\\/cmoyano.com\\\/\",\"name\":\"Cristian Moyano Fernandez\",\"description\":\"Cristian Moyano PhD\",\"publisher\":{\"@id\":\"https:\\\/\\\/cmoyano.com\\\/#organization\"},\"potentialAction\":[{\"@type\":\"SearchAction\",\"target\":{\"@type\":\"EntryPoint\",\"urlTemplate\":\"https:\\\/\\\/cmoyano.com\\\/?s={search_term_string}\"},\"query-input\":{\"@type\":\"PropertyValueSpecification\",\"valueRequired\":true,\"valueName\":\"search_term_string\"}}],\"inLanguage\":\"es\"},{\"@type\":\"Organization\",\"@id\":\"https:\\\/\\\/cmoyano.com\\\/#organization\",\"name\":\"Cristian Moyano Fernandez\",\"url\":\"https:\\\/\\\/cmoyano.com\\\/\",\"logo\":{\"@type\":\"ImageObject\",\"inLanguage\":\"es\",\"@id\":\"https:\\\/\\\/cmoyano.com\\\/#\\\/schema\\\/logo\\\/image\\\/\",\"url\":\"https:\\\/\\\/cmoyano.com\\\/wp-content\\\/uploads\\\/2021\\\/06\\\/cropped-cropped-Cristian-Moyano-Fernandez-PhD-1.png\",\"contentUrl\":\"https:\\\/\\\/cmoyano.com\\\/wp-content\\\/uploads\\\/2021\\\/06\\\/cropped-cropped-Cristian-Moyano-Fernandez-PhD-1.png\",\"width\":498,\"height\":176,\"caption\":\"Cristian Moyano Fernandez\"},\"image\":{\"@id\":\"https:\\\/\\\/cmoyano.com\\\/#\\\/schema\\\/logo\\\/image\\\/\"}}]}<\/script>\n<!-- \/ Yoast SEO plugin. -->","yoast_head_json":{"title":"Books - \u00c9tica del Rewilding - Cristian Moyano Fern\u00e1ndez","description":"Books by Cristian Moyano Fern\u00e1ndez: \u00c9tica del Rewilding. The notion of rewilding has gained popularity in recent years. Recovering wild na...","robots":{"index":"index","follow":"follow","max-snippet":"max-snippet:-1","max-image-preview":"max-image-preview:large","max-video-preview":"max-video-preview:-1"},"canonical":"https:\/\/cmoyano.com\/index.php\/books-cristian-moyano\/","og_locale":"es_ES","og_type":"article","og_title":"Books - \u00c9tica del Rewilding - Cristian Moyano Fern\u00e1ndez","og_description":"Books by Cristian Moyano Fern\u00e1ndez: \u00c9tica del Rewilding. The notion of rewilding has gained popularity in recent years. Recovering wild na...","og_url":"https:\/\/cmoyano.com\/index.php\/books-cristian-moyano\/","og_site_name":"Cristian Moyano Fernandez","article_modified_time":"2026-01-23T12:37:31+00:00","og_image":[{"width":1237,"height":1750,"url":"https:\/\/cmoyano.com\/wp-content\/uploads\/2025\/07\/1.jpg","type":"image\/jpeg"}],"twitter_card":"summary_large_image","twitter_misc":{"Tiempo de lectura":"2 minutos"},"schema":{"@context":"https:\/\/schema.org","@graph":[{"@type":"WebPage","@id":"https:\/\/cmoyano.com\/index.php\/books-cristian-moyano\/","url":"https:\/\/cmoyano.com\/index.php\/books-cristian-moyano\/","name":"Books - \u00c9tica del Rewilding - Cristian Moyano Fern\u00e1ndez","isPartOf":{"@id":"https:\/\/cmoyano.com\/#website"},"primaryImageOfPage":{"@id":"https:\/\/cmoyano.com\/index.php\/books-cristian-moyano\/#primaryimage"},"image":{"@id":"https:\/\/cmoyano.com\/index.php\/books-cristian-moyano\/#primaryimage"},"thumbnailUrl":"https:\/\/cmoyano.com\/wp-content\/uploads\/2025\/07\/1.jpg","datePublished":"2023-03-17T19:49:16+00:00","dateModified":"2026-01-23T12:37:31+00:00","description":"Books by Cristian Moyano Fern\u00e1ndez: \u00c9tica del Rewilding. The notion of rewilding has gained popularity in recent years. Recovering wild na...","breadcrumb":{"@id":"https:\/\/cmoyano.com\/index.php\/books-cristian-moyano\/#breadcrumb"},"inLanguage":"es","potentialAction":[{"@type":"ReadAction","target":["https:\/\/cmoyano.com\/index.php\/books-cristian-moyano\/"]}]},{"@type":"ImageObject","inLanguage":"es","@id":"https:\/\/cmoyano.com\/index.php\/books-cristian-moyano\/#primaryimage","url":"https:\/\/cmoyano.com\/wp-content\/uploads\/2025\/07\/1.jpg","contentUrl":"https:\/\/cmoyano.com\/wp-content\/uploads\/2025\/07\/1.jpg","width":1237,"height":1750},{"@type":"BreadcrumbList","@id":"https:\/\/cmoyano.com\/index.php\/books-cristian-moyano\/#breadcrumb","itemListElement":[{"@type":"ListItem","position":1,"name":"Portada","item":"https:\/\/cmoyano.com\/"},{"@type":"ListItem","position":2,"name":"Books"}]},{"@type":"WebSite","@id":"https:\/\/cmoyano.com\/#website","url":"https:\/\/cmoyano.com\/","name":"Cristian Moyano Fernandez","description":"Cristian Moyano PhD","publisher":{"@id":"https:\/\/cmoyano.com\/#organization"},"potentialAction":[{"@type":"SearchAction","target":{"@type":"EntryPoint","urlTemplate":"https:\/\/cmoyano.com\/?s={search_term_string}"},"query-input":{"@type":"PropertyValueSpecification","valueRequired":true,"valueName":"search_term_string"}}],"inLanguage":"es"},{"@type":"Organization","@id":"https:\/\/cmoyano.com\/#organization","name":"Cristian Moyano Fernandez","url":"https:\/\/cmoyano.com\/","logo":{"@type":"ImageObject","inLanguage":"es","@id":"https:\/\/cmoyano.com\/#\/schema\/logo\/image\/","url":"https:\/\/cmoyano.com\/wp-content\/uploads\/2021\/06\/cropped-cropped-Cristian-Moyano-Fernandez-PhD-1.png","contentUrl":"https:\/\/cmoyano.com\/wp-content\/uploads\/2021\/06\/cropped-cropped-Cristian-Moyano-Fernandez-PhD-1.png","width":498,"height":176,"caption":"Cristian Moyano Fernandez"},"image":{"@id":"https:\/\/cmoyano.com\/#\/schema\/logo\/image\/"}}]}},"_links":{"self":[{"href":"https:\/\/cmoyano.com\/index.php\/wp-json\/wp\/v2\/pages\/254","targetHints":{"allow":["GET"]}}],"collection":[{"href":"https:\/\/cmoyano.com\/index.php\/wp-json\/wp\/v2\/pages"}],"about":[{"href":"https:\/\/cmoyano.com\/index.php\/wp-json\/wp\/v2\/types\/page"}],"author":[{"embeddable":true,"href":"https:\/\/cmoyano.com\/index.php\/wp-json\/wp\/v2\/users\/1"}],"replies":[{"embeddable":true,"href":"https:\/\/cmoyano.com\/index.php\/wp-json\/wp\/v2\/comments?post=254"}],"version-history":[{"count":20,"href":"https:\/\/cmoyano.com\/index.php\/wp-json\/wp\/v2\/pages\/254\/revisions"}],"predecessor-version":[{"id":474,"href":"https:\/\/cmoyano.com\/index.php\/wp-json\/wp\/v2\/pages\/254\/revisions\/474"}],"wp:attachment":[{"href":"https:\/\/cmoyano.com\/index.php\/wp-json\/wp\/v2\/media?parent=254"}],"curies":[{"name":"wp","href":"https:\/\/api.w.org\/{rel}","templated":true}]}}